{"id":819,"date":"2024-03-08T14:40:37","date_gmt":"2024-03-08T14:40:37","guid":{"rendered":"https:\/\/helgapollok.de\/?page_id=819"},"modified":"2025-11-05T12:10:40","modified_gmt":"2025-11-05T12:10:40","slug":"buchdruck","status":"publish","type":"page","link":"https:\/\/helgapollok.de\/?page_id=819","title":{"rendered":"Typographie &#8211; Letterpress &#8211; Plakatdruck"},"content":{"rendered":"\n<p><a href=\"https:\/\/helgapollok.de\/?page_id=898\">Jetzt auch als Workshop<\/a><\/p>\n\n\n\n<p>Das Setzen ausgedienter Druckst\u00f6cke aus alten Druckereien, einem Handwerk, das vom Computer und modernen Druckmaschinen abgel\u00f6st wurde, findet ebenso wie der Einsatz einer <em>alten Schreibmaschine <\/em>Anwendung entweder als eigenst\u00e4ndiges Werk oder als Erg\u00e4nzung in meinen Arbeiten. Die speziell f\u00fcr den Buchdruck entwickelte Farbe wird mit einer Walze wie zu Zeiten von Johannes Gutenberg auf den Drucksatz aufgetragen. Mit der Presse wird das Klischee oder der Druckstock in das jeweilige Papier gedruckt und geh\u00f6rt wie der Linolschnitt und der Holzschnitt zu den Hochdruckverfahren. Das Ergebnis wird jedes Mal mit Spannung erwartet, denn jeder einzelne neue Druck wird ein bisschen anders aussehen als der vorherige und bleibt trotz der m\u00f6glichen Vervielf\u00e4ltigungen immer ein Unikat.<\/p>\n\n\n\n<figure class=\"wp-block-gallery has-nested-images columns-default is-cropped wp-block-gallery-1 is-layout-flex wp-block-gallery-is-layout-flex\">\n<figure class=\"wp-block-image size-large\"><img loading=\"lazy\" decoding=\"async\" width=\"724\" height=\"1024\" data-id=\"677\" src=\"https:\/\/helgapollok.de\/wp-content\/uploads\/2024\/02\/IMG_9880.heic-724x1024.jpg\" alt=\"\" class=\"wp-image-677\" srcset=\"https:\/\/helgapollok.de\/wp-content\/uploads\/2024\/02\/IMG_9880.heic-724x1024.jpg 724w, https:\/\/helgapollok.de\/wp-content\/uploads\/2024\/02\/IMG_9880.heic-212x300.jpg 212w, https:\/\/helgapollok.de\/wp-content\/uploads\/2024\/02\/IMG_9880.heic-768x1086.jpg 768w, https:\/\/helgapollok.de\/wp-content\/uploads\/2024\/02\/IMG_9880.heic-1086x1536.jpg 1086w, https:\/\/helgapollok.de\/wp-content\/uploads\/2024\/02\/IMG_9880.heic-1448x2048.jpg 1448w, https:\/\/helgapollok.de\/wp-content\/uploads\/2024\/02\/IMG_9880.heic-scaled.jpg 1810w\" sizes=\"(max-width: 724px) 100vw, 724px\" \/><\/figure>\n\n\n\n<figure class=\"wp-block-image size-large\"><img loading=\"lazy\" decoding=\"async\" width=\"658\" height=\"1024\" data-id=\"1008\" src=\"https:\/\/helgapollok.de\/wp-content\/uploads\/2025\/11\/IMG_2099-658x1024.jpeg\" alt=\"\" class=\"wp-image-1008\" srcset=\"https:\/\/helgapollok.de\/wp-content\/uploads\/2025\/11\/IMG_2099-658x1024.jpeg 658w, https:\/\/helgapollok.de\/wp-content\/uploads\/2025\/11\/IMG_2099-193x300.jpeg 193w, https:\/\/helgapollok.de\/wp-content\/uploads\/2025\/11\/IMG_2099-768x1195.jpeg 768w, https:\/\/helgapollok.de\/wp-content\/uploads\/2025\/11\/IMG_2099-987x1536.jpeg 987w, https:\/\/helgapollok.de\/wp-content\/uploads\/2025\/11\/IMG_2099-1316x2048.jpeg 1316w, https:\/\/helgapollok.de\/wp-content\/uploads\/2025\/11\/IMG_2099-scaled.jpeg 1646w\" sizes=\"(max-width: 658px) 100vw, 658px\" \/><\/figure>\n\n\n\n<figure class=\"wp-block-image size-large\"><img loading=\"lazy\" decoding=\"async\" width=\"768\" height=\"1024\" data-id=\"694\" src=\"https:\/\/helgapollok.de\/wp-content\/uploads\/2024\/02\/IMG_0088-768x1024.jpeg\" alt=\"\" class=\"wp-image-694\" srcset=\"https:\/\/helgapollok.de\/wp-content\/uploads\/2024\/02\/IMG_0088-768x1024.jpeg 768w, https:\/\/helgapollok.de\/wp-content\/uploads\/2024\/02\/IMG_0088-225x300.jpeg 225w, https:\/\/helgapollok.de\/wp-content\/uploads\/2024\/02\/IMG_0088.jpeg 960w\" sizes=\"(max-width: 768px) 100vw, 768px\" \/><\/figure>\n<\/figure>\n\n\n\n<p><\/p>\n\n\n\n<figure class=\"wp-block-gallery has-nested-images columns-default is-cropped wp-block-gallery-2 is-layout-flex wp-block-gallery-is-layout-flex\">\n<figure class=\"wp-block-image size-large\"><img loading=\"lazy\" decoding=\"async\" width=\"1024\" height=\"768\" data-id=\"1016\" src=\"https:\/\/helgapollok.de\/wp-content\/uploads\/2025\/11\/IMG_4099-1024x768.jpeg\" alt=\"\" class=\"wp-image-1016\" srcset=\"https:\/\/helgapollok.de\/wp-content\/uploads\/2025\/11\/IMG_4099-1024x768.jpeg 1024w, https:\/\/helgapollok.de\/wp-content\/uploads\/2025\/11\/IMG_4099-300x225.jpeg 300w, https:\/\/helgapollok.de\/wp-content\/uploads\/2025\/11\/IMG_4099-768x576.jpeg 768w, https:\/\/helgapollok.de\/wp-content\/uploads\/2025\/11\/IMG_4099-1536x1152.jpeg 1536w, https:\/\/helgapollok.de\/wp-content\/uploads\/2025\/11\/IMG_4099-2048x1536.jpeg 2048w\" sizes=\"(max-width: 1024px) 100vw, 1024px\" \/><\/figure>\n\n\n\n<figure class=\"wp-block-image size-large\"><img loading=\"lazy\" decoding=\"async\" width=\"768\" height=\"1024\" data-id=\"1006\" src=\"https:\/\/helgapollok.de\/wp-content\/uploads\/2025\/11\/IMG_3978-768x1024.jpeg\" alt=\"\" class=\"wp-image-1006\" srcset=\"https:\/\/helgapollok.de\/wp-content\/uploads\/2025\/11\/IMG_3978-768x1024.jpeg 768w, https:\/\/helgapollok.de\/wp-content\/uploads\/2025\/11\/IMG_3978-225x300.jpeg 225w, https:\/\/helgapollok.de\/wp-content\/uploads\/2025\/11\/IMG_3978-1152x1536.jpeg 1152w, https:\/\/helgapollok.de\/wp-content\/uploads\/2025\/11\/IMG_3978-1536x2048.jpeg 1536w, https:\/\/helgapollok.de\/wp-content\/uploads\/2025\/11\/IMG_3978-scaled.jpeg 1920w\" sizes=\"(max-width: 768px) 100vw, 768px\" \/><\/figure>\n\n\n\n<figure class=\"wp-block-image size-large\"><img loading=\"lazy\" decoding=\"async\" width=\"768\" height=\"1024\" data-id=\"1012\" src=\"https:\/\/helgapollok.de\/wp-content\/uploads\/2025\/11\/IMG_4100-768x1024.jpeg\" alt=\"\" class=\"wp-image-1012\" srcset=\"https:\/\/helgapollok.de\/wp-content\/uploads\/2025\/11\/IMG_4100-768x1024.jpeg 768w, https:\/\/helgapollok.de\/wp-content\/uploads\/2025\/11\/IMG_4100-225x300.jpeg 225w, https:\/\/helgapollok.de\/wp-content\/uploads\/2025\/11\/IMG_4100-1152x1536.jpeg 1152w, https:\/\/helgapollok.de\/wp-content\/uploads\/2025\/11\/IMG_4100-1536x2048.jpeg 1536w, https:\/\/helgapollok.de\/wp-content\/uploads\/2025\/11\/IMG_4100-scaled.jpeg 1920w\" sizes=\"(max-width: 768px) 100vw, 768px\" \/><\/figure>\n\n\n\n<figure class=\"wp-block-image size-large\"><img loading=\"lazy\" decoding=\"async\" width=\"1024\" height=\"961\" data-id=\"1010\" src=\"https:\/\/helgapollok.de\/wp-content\/uploads\/2025\/11\/IMG_1798-1024x961.jpeg\" alt=\"\" class=\"wp-image-1010\" srcset=\"https:\/\/helgapollok.de\/wp-content\/uploads\/2025\/11\/IMG_1798-1024x961.jpeg 1024w, https:\/\/helgapollok.de\/wp-content\/uploads\/2025\/11\/IMG_1798-300x282.jpeg 300w, https:\/\/helgapollok.de\/wp-content\/uploads\/2025\/11\/IMG_1798-768x721.jpeg 768w, https:\/\/helgapollok.de\/wp-content\/uploads\/2025\/11\/IMG_1798-1536x1442.jpeg 1536w, https:\/\/helgapollok.de\/wp-content\/uploads\/2025\/11\/IMG_1798-2048x1922.jpeg 2048w\" sizes=\"(max-width: 1024px) 100vw, 1024px\" \/><\/figure>\n\n\n\n<figure class=\"wp-block-image size-large\"><img loading=\"lazy\" decoding=\"async\" width=\"1024\" height=\"770\" data-id=\"1009\" src=\"https:\/\/helgapollok.de\/wp-content\/uploads\/2025\/11\/IMG_1795-1024x770.jpeg\" alt=\"\" class=\"wp-image-1009\" srcset=\"https:\/\/helgapollok.de\/wp-content\/uploads\/2025\/11\/IMG_1795-1024x770.jpeg 1024w, https:\/\/helgapollok.de\/wp-content\/uploads\/2025\/11\/IMG_1795-300x226.jpeg 300w, https:\/\/helgapollok.de\/wp-content\/uploads\/2025\/11\/IMG_1795-768x577.jpeg 768w, https:\/\/helgapollok.de\/wp-content\/uploads\/2025\/11\/IMG_1795-1536x1155.jpeg 1536w, https:\/\/helgapollok.de\/wp-content\/uploads\/2025\/11\/IMG_1795-2048x1540.jpeg 2048w\" sizes=\"(max-width: 1024px) 100vw, 1024px\" \/><\/figure>\n\n\n\n<figure class=\"wp-block-image size-large\"><img loading=\"lazy\" decoding=\"async\" width=\"768\" height=\"1024\" data-id=\"1013\" src=\"https:\/\/helgapollok.de\/wp-content\/uploads\/2025\/11\/IMG_4090-768x1024.jpeg\" alt=\"\" class=\"wp-image-1013\" srcset=\"https:\/\/helgapollok.de\/wp-content\/uploads\/2025\/11\/IMG_4090-768x1024.jpeg 768w, https:\/\/helgapollok.de\/wp-content\/uploads\/2025\/11\/IMG_4090-225x300.jpeg 225w, https:\/\/helgapollok.de\/wp-content\/uploads\/2025\/11\/IMG_4090-1152x1536.jpeg 1152w, https:\/\/helgapollok.de\/wp-content\/uploads\/2025\/11\/IMG_4090-1536x2048.jpeg 1536w, https:\/\/helgapollok.de\/wp-content\/uploads\/2025\/11\/IMG_4090-scaled.jpeg 1920w\" sizes=\"(max-width: 768px) 100vw, 768px\" \/><\/figure>\n<\/figure>\n\n\n\n<p class=\"has-medium-font-size\">Einige Beispiele aus meiner Druckwerkstatt<\/p>\n\n\n\n<figure class=\"wp-block-gallery has-nested-images columns-default is-cropped wp-block-gallery-3 is-layout-flex wp-block-gallery-is-layout-flex\">\n<figure class=\"wp-block-image size-large\"><img loading=\"lazy\" decoding=\"async\" width=\"714\" height=\"1024\" data-id=\"1003\" src=\"https:\/\/helgapollok.de\/wp-content\/uploads\/2025\/11\/IMG_2125-714x1024.jpeg\" alt=\"\" class=\"wp-image-1003\" srcset=\"https:\/\/helgapollok.de\/wp-content\/uploads\/2025\/11\/IMG_2125-714x1024.jpeg 714w, https:\/\/helgapollok.de\/wp-content\/uploads\/2025\/11\/IMG_2125-209x300.jpeg 209w, https:\/\/helgapollok.de\/wp-content\/uploads\/2025\/11\/IMG_2125-768x1102.jpeg 768w, https:\/\/helgapollok.de\/wp-content\/uploads\/2025\/11\/IMG_2125-1071x1536.jpeg 1071w, https:\/\/helgapollok.de\/wp-content\/uploads\/2025\/11\/IMG_2125-1427x2048.jpeg 1427w, https:\/\/helgapollok.de\/wp-content\/uploads\/2025\/11\/IMG_2125-scaled.jpeg 1784w\" sizes=\"(max-width: 714px) 100vw, 714px\" \/><\/figure>\n\n\n\n<figure class=\"wp-block-image size-large\"><img loading=\"lazy\" decoding=\"async\" width=\"843\" height=\"1024\" data-id=\"1001\" src=\"https:\/\/helgapollok.de\/wp-content\/uploads\/2025\/11\/IMG_4006-843x1024.jpeg\" alt=\"\" class=\"wp-image-1001\" srcset=\"https:\/\/helgapollok.de\/wp-content\/uploads\/2025\/11\/IMG_4006-843x1024.jpeg 843w, https:\/\/helgapollok.de\/wp-content\/uploads\/2025\/11\/IMG_4006-247x300.jpeg 247w, https:\/\/helgapollok.de\/wp-content\/uploads\/2025\/11\/IMG_4006-768x932.jpeg 768w, https:\/\/helgapollok.de\/wp-content\/uploads\/2025\/11\/IMG_4006-1265x1536.jpeg 1265w, https:\/\/helgapollok.de\/wp-content\/uploads\/2025\/11\/IMG_4006-1687x2048.jpeg 1687w\" sizes=\"(max-width: 843px) 100vw, 843px\" \/><\/figure>\n\n\n\n<figure class=\"wp-block-image size-large\"><img loading=\"lazy\" decoding=\"async\" width=\"768\" height=\"1024\" data-id=\"1005\" src=\"https:\/\/helgapollok.de\/wp-content\/uploads\/2025\/11\/IMG_2173-768x1024.jpeg\" alt=\"\" class=\"wp-image-1005\" srcset=\"https:\/\/helgapollok.de\/wp-content\/uploads\/2025\/11\/IMG_2173-768x1024.jpeg 768w, https:\/\/helgapollok.de\/wp-content\/uploads\/2025\/11\/IMG_2173-225x300.jpeg 225w, https:\/\/helgapollok.de\/wp-content\/uploads\/2025\/11\/IMG_2173-1152x1536.jpeg 1152w, https:\/\/helgapollok.de\/wp-content\/uploads\/2025\/11\/IMG_2173-1536x2048.jpeg 1536w, https:\/\/helgapollok.de\/wp-content\/uploads\/2025\/11\/IMG_2173-scaled.jpeg 1920w\" sizes=\"(max-width: 768px) 100vw, 768px\" \/><\/figure>\n\n\n\n<figure class=\"wp-block-image size-large\"><img loading=\"lazy\" decoding=\"async\" width=\"735\" height=\"1024\" data-id=\"1004\" src=\"https:\/\/helgapollok.de\/wp-content\/uploads\/2025\/11\/IMG_2337-735x1024.jpg\" alt=\"\" class=\"wp-image-1004\" srcset=\"https:\/\/helgapollok.de\/wp-content\/uploads\/2025\/11\/IMG_2337-735x1024.jpg 735w, https:\/\/helgapollok.de\/wp-content\/uploads\/2025\/11\/IMG_2337-215x300.jpg 215w, https:\/\/helgapollok.de\/wp-content\/uploads\/2025\/11\/IMG_2337-768x1070.jpg 768w, https:\/\/helgapollok.de\/wp-content\/uploads\/2025\/11\/IMG_2337-1102x1536.jpg 1102w, https:\/\/helgapollok.de\/wp-content\/uploads\/2025\/11\/IMG_2337.jpg 1174w\" sizes=\"(max-width: 735px) 100vw, 735px\" \/><\/figure>\n\n\n\n<figure class=\"wp-block-image size-large\"><img loading=\"lazy\" decoding=\"async\" width=\"768\" height=\"1024\" data-id=\"999\" src=\"https:\/\/helgapollok.de\/wp-content\/uploads\/2025\/11\/IMG_2328-768x1024.jpeg\" alt=\"\" class=\"wp-image-999\" srcset=\"https:\/\/helgapollok.de\/wp-content\/uploads\/2025\/11\/IMG_2328-768x1024.jpeg 768w, https:\/\/helgapollok.de\/wp-content\/uploads\/2025\/11\/IMG_2328-225x300.jpeg 225w, https:\/\/helgapollok.de\/wp-content\/uploads\/2025\/11\/IMG_2328-1152x1536.jpeg 1152w, https:\/\/helgapollok.de\/wp-content\/uploads\/2025\/11\/IMG_2328-1536x2048.jpeg 1536w, https:\/\/helgapollok.de\/wp-content\/uploads\/2025\/11\/IMG_2328-scaled.jpeg 1920w\" sizes=\"(max-width: 768px) 100vw, 768px\" \/><\/figure>\n\n\n\n<figure class=\"wp-block-image size-large\"><img loading=\"lazy\" decoding=\"async\" width=\"802\" height=\"1024\" data-id=\"1063\" src=\"https:\/\/helgapollok.de\/wp-content\/uploads\/2025\/11\/IMG_1608-802x1024.jpeg\" alt=\"\" class=\"wp-image-1063\" srcset=\"https:\/\/helgapollok.de\/wp-content\/uploads\/2025\/11\/IMG_1608-802x1024.jpeg 802w, https:\/\/helgapollok.de\/wp-content\/uploads\/2025\/11\/IMG_1608-235x300.jpeg 235w, https:\/\/helgapollok.de\/wp-content\/uploads\/2025\/11\/IMG_1608-768x981.jpeg 768w, https:\/\/helgapollok.de\/wp-content\/uploads\/2025\/11\/IMG_1608-1202x1536.jpeg 1202w, https:\/\/helgapollok.de\/wp-content\/uploads\/2025\/11\/IMG_1608-1603x2048.jpeg 1603w, https:\/\/helgapollok.de\/wp-content\/uploads\/2025\/11\/IMG_1608-scaled.jpeg 2004w\" sizes=\"(max-width: 802px) 100vw, 802px\" \/><\/figure>\n\n\n\n<figure class=\"wp-block-image size-large\"><img loading=\"lazy\" decoding=\"async\" width=\"1024\" height=\"666\" data-id=\"1011\" src=\"https:\/\/helgapollok.de\/wp-content\/uploads\/2025\/11\/IMG_1661-1024x666.jpeg\" alt=\"\" class=\"wp-image-1011\" srcset=\"https:\/\/helgapollok.de\/wp-content\/uploads\/2025\/11\/IMG_1661-1024x666.jpeg 1024w, https:\/\/helgapollok.de\/wp-content\/uploads\/2025\/11\/IMG_1661-300x195.jpeg 300w, https:\/\/helgapollok.de\/wp-content\/uploads\/2025\/11\/IMG_1661-768x500.jpeg 768w, https:\/\/helgapollok.de\/wp-content\/uploads\/2025\/11\/IMG_1661-1536x1000.jpeg 1536w, https:\/\/helgapollok.de\/wp-content\/uploads\/2025\/11\/IMG_1661-2048x1333.jpeg 2048w\" sizes=\"(max-width: 1024px) 100vw, 1024px\" \/><\/figure>\n<\/figure>\n","protected":false},"excerpt":{"rendered":"<p>Jetzt auch als Workshop Das Setzen ausgedienter Druckst\u00f6cke aus alten Druckereien, einem Handwerk, das vom Computer und modernen Druckmaschinen abgel\u00f6st wurde, findet ebenso wie der Einsatz einer alten Schreibmaschine Anwendung entweder als eigenst\u00e4ndiges Werk oder als Erg\u00e4nzung in meinen Arbeiten. Die speziell f\u00fcr den Buchdruck&nbsp;&hellip;<\/p>\n","protected":false},"author":1,"featured_media":0,"parent":0,"menu_order":0,"comment_status":"closed","ping_status":"closed","template":"","meta":{"footnotes":""},"yoast_head":"<!-- This site is optimized with the Yoast SEO plugin v23.5 - https:\/\/yoast.com\/wordpress\/plugins\/seo\/ -->\n<title>Typographie - Letterpress - Plakatdruck - Atelier Helga Pollok<\/title>\n<meta name=\"robots\" content=\"index, follow, max-snippet:-1, max-image-preview:large, max-video-preview:-1\" \/>\n<link rel=\"canonical\" href=\"https:\/\/helgapollok.de\/?page_id=819\" \/>\n<meta property=\"og:locale\" content=\"de_DE\" \/>\n<meta property=\"og:type\" content=\"article\" \/>\n<meta property=\"og:title\" content=\"Typographie - Letterpress - Plakatdruck - Atelier Helga Pollok\" \/>\n<meta property=\"og:description\" content=\"Jetzt auch als Workshop Das Setzen ausgedienter Druckst\u00f6cke aus alten Druckereien, einem Handwerk, das vom Computer und modernen Druckmaschinen abgel\u00f6st wurde, findet ebenso wie der Einsatz einer alten Schreibmaschine Anwendung entweder als eigenst\u00e4ndiges Werk oder als Erg\u00e4nzung in meinen Arbeiten. Die speziell f\u00fcr den Buchdruck&nbsp;&hellip;\" \/>\n<meta property=\"og:url\" content=\"https:\/\/helgapollok.de\/?page_id=819\" \/>\n<meta property=\"og:site_name\" content=\"Atelier Helga Pollok\" \/>\n<meta property=\"article:modified_time\" content=\"2025-11-05T12:10:40+00:00\" \/>\n<meta property=\"og:image\" content=\"https:\/\/helgapollok.de\/wp-content\/uploads\/2024\/02\/IMG_9880.heic-724x1024.jpg\" \/>\n<meta name=\"twitter:card\" content=\"summary_large_image\" \/>\n<meta name=\"twitter:label1\" content=\"Gesch\u00e4tzte Lesezeit\" \/>\n\t<meta name=\"twitter:data1\" content=\"4 Minuten\" \/>\n<script type=\"application\/ld+json\" class=\"yoast-schema-graph\">{\"@context\":\"https:\/\/schema.org\",\"@graph\":[{\"@type\":\"WebPage\",\"@id\":\"https:\/\/helgapollok.de\/?page_id=819\",\"url\":\"https:\/\/helgapollok.de\/?page_id=819\",\"name\":\"Typographie - Letterpress - Plakatdruck - Atelier Helga Pollok\",\"isPartOf\":{\"@id\":\"https:\/\/helgapollok.de\/#website\"},\"primaryImageOfPage\":{\"@id\":\"https:\/\/helgapollok.de\/?page_id=819#primaryimage\"},\"image\":{\"@id\":\"https:\/\/helgapollok.de\/?page_id=819#primaryimage\"},\"thumbnailUrl\":\"https:\/\/helgapollok.de\/wp-content\/uploads\/2024\/02\/IMG_9880.heic-724x1024.jpg\",\"datePublished\":\"2024-03-08T14:40:37+00:00\",\"dateModified\":\"2025-11-05T12:10:40+00:00\",\"breadcrumb\":{\"@id\":\"https:\/\/helgapollok.de\/?page_id=819#breadcrumb\"},\"inLanguage\":\"de-DE\",\"potentialAction\":[{\"@type\":\"ReadAction\",\"target\":[\"https:\/\/helgapollok.de\/?page_id=819\"]}]},{\"@type\":\"ImageObject\",\"inLanguage\":\"de-DE\",\"@id\":\"https:\/\/helgapollok.de\/?page_id=819#primaryimage\",\"url\":\"https:\/\/helgapollok.de\/wp-content\/uploads\/2024\/02\/IMG_9880.heic-scaled.jpg\",\"contentUrl\":\"https:\/\/helgapollok.de\/wp-content\/uploads\/2024\/02\/IMG_9880.heic-scaled.jpg\",\"width\":1810,\"height\":2560},{\"@type\":\"BreadcrumbList\",\"@id\":\"https:\/\/helgapollok.de\/?page_id=819#breadcrumb\",\"itemListElement\":[{\"@type\":\"ListItem\",\"position\":1,\"name\":\"Startseite\",\"item\":\"https:\/\/helgapollok.de\/\"},{\"@type\":\"ListItem\",\"position\":2,\"name\":\"Typographie &#8211; Letterpress &#8211; Plakatdruck\"}]},{\"@type\":\"WebSite\",\"@id\":\"https:\/\/helgapollok.de\/#website\",\"url\":\"https:\/\/helgapollok.de\/\",\"name\":\"Atelier Helga Pollok\",\"description\":\"\",\"potentialAction\":[{\"@type\":\"SearchAction\",\"target\":{\"@type\":\"EntryPoint\",\"urlTemplate\":\"https:\/\/helgapollok.de\/?s={search_term_string}\"},\"query-input\":{\"@type\":\"PropertyValueSpecification\",\"valueRequired\":true,\"valueName\":\"search_term_string\"}}],\"inLanguage\":\"de-DE\"}]}<\/script>\n<!-- \/ Yoast SEO plugin. -->","yoast_head_json":{"title":"Typographie - Letterpress - Plakatdruck - Atelier Helga Pollok","robots":{"index":"index","follow":"follow","max-snippet":"max-snippet:-1","max-image-preview":"max-image-preview:large","max-video-preview":"max-video-preview:-1"},"canonical":"https:\/\/helgapollok.de\/?page_id=819","og_locale":"de_DE","og_type":"article","og_title":"Typographie - Letterpress - Plakatdruck - Atelier Helga Pollok","og_description":"Jetzt auch als Workshop Das Setzen ausgedienter Druckst\u00f6cke aus alten Druckereien, einem Handwerk, das vom Computer und modernen Druckmaschinen abgel\u00f6st wurde, findet ebenso wie der Einsatz einer alten Schreibmaschine Anwendung entweder als eigenst\u00e4ndiges Werk oder als Erg\u00e4nzung in meinen Arbeiten. Die speziell f\u00fcr den Buchdruck&nbsp;&hellip;","og_url":"https:\/\/helgapollok.de\/?page_id=819","og_site_name":"Atelier Helga Pollok","article_modified_time":"2025-11-05T12:10:40+00:00","og_image":[{"url":"https:\/\/helgapollok.de\/wp-content\/uploads\/2024\/02\/IMG_9880.heic-724x1024.jpg"}],"twitter_card":"summary_large_image","twitter_misc":{"Gesch\u00e4tzte Lesezeit":"4 Minuten"},"schema":{"@context":"https:\/\/schema.org","@graph":[{"@type":"WebPage","@id":"https:\/\/helgapollok.de\/?page_id=819","url":"https:\/\/helgapollok.de\/?page_id=819","name":"Typographie - Letterpress - Plakatdruck - Atelier Helga Pollok","isPartOf":{"@id":"https:\/\/helgapollok.de\/#website"},"primaryImageOfPage":{"@id":"https:\/\/helgapollok.de\/?page_id=819#primaryimage"},"image":{"@id":"https:\/\/helgapollok.de\/?page_id=819#primaryimage"},"thumbnailUrl":"https:\/\/helgapollok.de\/wp-content\/uploads\/2024\/02\/IMG_9880.heic-724x1024.jpg","datePublished":"2024-03-08T14:40:37+00:00","dateModified":"2025-11-05T12:10:40+00:00","breadcrumb":{"@id":"https:\/\/helgapollok.de\/?page_id=819#breadcrumb"},"inLanguage":"de-DE","potentialAction":[{"@type":"ReadAction","target":["https:\/\/helgapollok.de\/?page_id=819"]}]},{"@type":"ImageObject","inLanguage":"de-DE","@id":"https:\/\/helgapollok.de\/?page_id=819#primaryimage","url":"https:\/\/helgapollok.de\/wp-content\/uploads\/2024\/02\/IMG_9880.heic-scaled.jpg","contentUrl":"https:\/\/helgapollok.de\/wp-content\/uploads\/2024\/02\/IMG_9880.heic-scaled.jpg","width":1810,"height":2560},{"@type":"BreadcrumbList","@id":"https:\/\/helgapollok.de\/?page_id=819#breadcrumb","itemListElement":[{"@type":"ListItem","position":1,"name":"Startseite","item":"https:\/\/helgapollok.de\/"},{"@type":"ListItem","position":2,"name":"Typographie &#8211; Letterpress &#8211; Plakatdruck"}]},{"@type":"WebSite","@id":"https:\/\/helgapollok.de\/#website","url":"https:\/\/helgapollok.de\/","name":"Atelier Helga Pollok","description":"","potentialAction":[{"@type":"SearchAction","target":{"@type":"EntryPoint","urlTemplate":"https:\/\/helgapollok.de\/?s={search_term_string}"},"query-input":{"@type":"PropertyValueSpecification","valueRequired":true,"valueName":"search_term_string"}}],"inLanguage":"de-DE"}]}},"_links":{"self":[{"href":"https:\/\/helgapollok.de\/index.php?rest_route=\/wp\/v2\/pages\/819"}],"collection":[{"href":"https:\/\/helgapollok.de\/index.php?rest_route=\/wp\/v2\/pages"}],"about":[{"href":"https:\/\/helgapollok.de\/index.php?rest_route=\/wp\/v2\/types\/page"}],"author":[{"embeddable":true,"href":"https:\/\/helgapollok.de\/index.php?rest_route=\/wp\/v2\/users\/1"}],"replies":[{"embeddable":true,"href":"https:\/\/helgapollok.de\/index.php?rest_route=%2Fwp%2Fv2%2Fcomments&post=819"}],"version-history":[{"count":14,"href":"https:\/\/helgapollok.de\/index.php?rest_route=\/wp\/v2\/pages\/819\/revisions"}],"predecessor-version":[{"id":1064,"href":"https:\/\/helgapollok.de\/index.php?rest_route=\/wp\/v2\/pages\/819\/revisions\/1064"}],"wp:attachment":[{"href":"https:\/\/helgapollok.de\/index.php?rest_route=%2Fwp%2Fv2%2Fmedia&parent=819"}],"curies":[{"name":"wp","href":"https:\/\/api.w.org\/{rel}","templated":true}]}}